{"id":8682,"date":"2026-04-13T14:59:57","date_gmt":"2026-04-13T13:59:57","guid":{"rendered":"https:\/\/inzynier.rzeszow.pl\/?page_id=8682"},"modified":"2026-04-13T15:00:54","modified_gmt":"2026-04-13T14:00:54","slug":"klauzula-informacyjna","status":"publish","type":"page","link":"https:\/\/inzynier.rzeszow.pl\/index.php\/klauzula-informacyjna\/","title":{"rendered":"KLAUZULA INFORMACYJNA"},"content":{"rendered":"\t\t<div data-elementor-type=\"wp-page\" data-elementor-id=\"8682\" class=\"elementor elementor-8682\" data-elementor-post-type=\"page\">\n\t\t\t\t<div class=\"elementor-element elementor-element-404da581 e-flex e-con-boxed e-con e-parent\" data-id=\"404da581\" data-element_type=\"container\" data-e-type=\"container\">\n\t\t\t\t\t<div class=\"e-con-inner\">\n\t\t\t\t<div class=\"elementor-element elementor-element-5ca72289 elementor-widget elementor-widget-text-editor\" data-id=\"5ca72289\" data-element_type=\"widget\" data-e-type=\"widget\" data-widget_type=\"text-editor.default\">\n\t\t\t\t\t\t\t\t\t<div style=\"margin: 0; padding: 0;\">\n    <p style=\"margin-top: 0; padding-top: 0;\">Zgodnie z art. 13 ust. 1 i ust. 2 og\u00f3lnego rozporz\u0105dzenia o ochronie danych osobowych z dnia 27 kwietnia 2016 r. (<strong>RODO<\/strong>) informuj\u0119, i\u017c przetwarzamy Pa\u0144stwa dane osobowe oraz:<\/p>\n    <ol style=\"margin-bottom: 0; padding-bottom: 0;\">\n        <li>administratorem Pa\u0144stwa danych osobowych jest <strong>Podkarpacka Okr\u0119gowa Izba In\u017cynier\u00f3w Budownictwa<\/strong> z siedzib\u0105 w Rzeszowie (35-060), adres: ul. S\u0142owackiego 20;<\/li>\n        <li>Podkarpacka Okr\u0119gowa Izba In\u017cynier\u00f3w Budownictwa wyznaczy\u0142a <strong>Inspektora Danych Osobowych<\/strong>, z kt\u00f3rym od dnia 25.05.2018 r. b\u0119dzie mo\u017cliwo\u015b\u0107 skontaktowania si\u0119 za po\u015brednictwem adresu: <strong>iod@inzynier.rzeszow.pl<\/strong><\/li>\n        <li>przetwarzamy wy\u0142\u0105cznie dane dotycz\u0105ce: imion i nazwisk, miejsca zamieszkania, danych kontaktowych, w tym numer telefonu, oraz innych, dobrowolnie udost\u0119pnionych przez osob\u0119 uprawnion\u0105;<\/li>\n        <li>nie przetwarzamy Pa\u0144stwa danych wra\u017cliwych.<\/li>\n        <li>dane osobowe przetwarzane b\u0119d\u0105:\n            <ol style=\"list-style-type: lower-alpha;\">\n                <li>w celach statutowej dzia\u0142alno\u015bci Podkarpackiej Okr\u0119gowej Izby In\u017cynier\u00f3w Budownictwa a tak\u017ce dla potrzeb informowania o bie\u017c\u0105cej dzia\u0142alno\u015bci Podkarpackiej Okr\u0119gowej Izby In\u017cynier\u00f3w Budownictwa,<\/li>\n                <li>w celach archiwalnych (w tym dla zabezpieczenia informacji na wypadek prawnej potrzeby wykazania fakt\u00f3w,<\/li>\n                <li>w celach oferowania Pa\u0144stwu produkt\u00f3w oraz us\u0142ug bezpo\u015brednio (marketing bezpo\u015bredni), jak r\u00f3wnie\u017c &#8211; w przypadku udzielenia zgody &#8211; o produktach i us\u0142ugach innych podmiot\u00f3w zwi\u0105zanych z promowaniem wiedzy o ochronie danych osobowych oraz z nami wsp\u00f3\u0142pracuj\u0105cych,<\/li>\n                <li>w celach zwi\u0105zanych z realizacj\u0105 zadania publicznego w zakresie w jakim wynika to z ustawy o samorz\u0105dach zawodowych architekt\u00f3w oraz in\u017cynier\u00f3w budownictwa oraz innych przepis\u00f3w prawa powszechnie obowi\u0105zuj\u0105cego;<\/li>\n            <\/ol>\n        <\/li>\n        <li>nie przekazujemy Pa\u0144stwa danych osobowych poza granice kraju ani do organizacji mi\u0119dzynarodowych.<\/li>\n        <li>Przechowujemy Pa\u0144stwa dane osobowe przez czas obowi\u0105zywania umowy zawartej z Tob\u0105, a tak\u017ce po jej zako\u0144czeniu w celach:\n            <ul style=\"list-style-type: disc;\">\n                <li>wykonania obowi\u0105zk\u00f3w wynikaj\u0105cych z przepis\u00f3w prawa, w tym w szczeg\u00f3lno\u015bci podatkowych i rachunkowych,<\/li>\n                <li>zapobiegania nadu\u017cyciom i oszustwom,<\/li>\n                <li>statystycznych i archiwizacyjnych,<\/li>\n                <li>z zastrze\u017ceniem, \u017ce w przypadku skre\u015blenia z listy cz\u0142onk\u00f3w Podkarpackiej Okr\u0119gowej Izby In\u017cynier\u00f3w Budownictwa, dane przechowywane b\u0119d\u0105 przez okres maksymalnie 10 lat.<\/li>\n            <\/ul>\n            <p>Przechowujemy Pa\u0144stwa dane osobowe dla cel\u00f3w marketingowych przez okres trwania cz\u0142onkostwa w Podkarpackiej Okr\u0119gowej Izby In\u017cynier\u00f3w Budownictwa lub do momentu wniesienia przez Pa\u0144stwa sprzeciwu wobec takiego przetwarzania, w zale\u017cno\u015bci od tego, kt\u00f3re z tych zdarze\u0144 wyst\u0105pi wcze\u015bniej.<\/p>\n            <p>Po up\u0142ywie tego okresu dane osobowe zostan\u0105 trwale usuni\u0119te z system\u00f3w informatycznych a dane papierowe &#8211; zniszczone.<\/p>\n        <\/li>\n        <li>posiadaj\u0105 Pa\u0144stwo prawo dost\u0119pu do tre\u015bci swoich danych wraz z prawem do ich sprostowania, modyfikacji, usuni\u0119cia, ograniczenia przetwarzania, prawem do przenoszenia danych, prawem do wniesienia sprzeciwu, prawem do cofni\u0119cia zgody w dowolnym momencie bez wp\u0142ywu na zgodno\u015b\u0107 z prawem przetwarzania, kt\u00f3rego dokonano na podstawie zgody przed jej cofni\u0119ciem.<\/li>\n        <li>maj\u0105 Pa\u0144stwo prawo wniesienia skargi do organu nadzorczego, gdy uznacie Pa\u0144stwo, i\u017c przetwarzanie przez nas danych osobowych narusza przepisy og\u00f3lnego rozporz\u0105dzenia o ochronie danych osobowych z dnia 27 kwietnia 2016 r. (<strong>RODO<\/strong>) lub inne przepisy dotycz\u0105ce przetwarzania danych osobowych;<\/li>\n        <li>wszystkie posiadane dane zabezpieczamy przed niepowo\u0142anym dost\u0119pem os\u00f3b trzecich. W stosunku do plik\u00f3w komputerowych u\u017cywamy metod kryptograficznych lub hase\u0142 dost\u0119pu. Dost\u0119p do aplikacji zawieraj\u0105cej dane osobowe posiadaj\u0105 tylko uprawnione osoby i tylko w niezb\u0119dnym zakresie za\u015b dokumenty w postaci papierowej przechowywane s\u0105 w miejscach, fizycznie zabezpieczonych przed dost\u0119pem nieupowa\u017cnionych os\u00f3b trzecich. W niekt\u00f3rych sytuacjach stosujemy tak\u017ce pseudonimizacj\u0119 danych.<\/li>\n        <li>Pa\u0144stwa dane osobowe mo\u017cemy udost\u0119pnia\u0107 podmiotom, kt\u00f3re na zlecenie Podkarpackiej Okr\u0119gowej Izby In\u017cynier\u00f3w Budownictwa przetwarzaj\u0105 dane osobowe a kt\u00f3re \u015bwiadcz\u0105 na rzecz Podkarpackiej Okr\u0119gowej Izby In\u017cynier\u00f3w Budownictwa us\u0142ugi: prawnicze, ksi\u0119gowe, informatyczne, ubezpieczeniowe itp.<\/li>\n    <\/ol>\n<\/div>\t\t\t\t\t\t\t\t<\/div>\n\t\t\t\t\t<\/div>\n\t\t\t\t<\/div>\n\t\t\t\t<\/div>\n\t\t","protected":false},"excerpt":{"rendered":"<p>Zgodnie z art. 13 ust. 1 i ust. 2 og\u00f3lnego rozporz\u0105dzenia o ochronie danych osobowych z dnia 27 kwietnia 2016 [&hellip;]<\/p>\n","protected":false},"author":1,"featured_media":0,"parent":0,"menu_order":0,"comment_status":"closed","ping_status":"closed","template":"","meta":{"site-sidebar-layout":"default","site-content-layout":"","ast-site-content-layout":"default","site-content-style":"default","site-sidebar-style":"default","ast-global-header-display":"","ast-banner-title-visibility":"","ast-main-header-display":"","ast-hfb-above-header-display":"","ast-hfb-below-header-display":"","ast-hfb-mobile-header-display":"","site-post-title":"","ast-breadcrumbs-content":"","ast-featured-img":"","footer-sml-layout":"","ast-disable-related-posts":"","theme-transparent-header-meta":"","adv-header-id-meta":"","stick-header-meta":"","header-above-stick-meta":"","header-main-stick-meta":"","header-below-stick-meta":"","astra-migrate-meta-layouts":"default","ast-page-background-enabled":"default","ast-page-background-meta":{"desktop":{"background-color":"var(--ast-global-color-5)","background-image":"","background-repeat":"repeat","background-position":"center center","background-size":"auto","background-attachment":"scroll","background-type":"","background-media":"","overlay-type":"","overlay-color":"","overlay-opacity":"","overlay-gradient":""},"tablet":{"background-color":"","background-image":"","background-repeat":"repeat","background-position":"center center","background-size":"auto","background-attachment":"scroll","background-type":"","background-media":"","overlay-type":"","overlay-color":"","overlay-opacity":"","overlay-gradient":""},"mobile":{"background-color":"","background-image":"","background-repeat":"repeat","background-position":"center center","background-size":"auto","background-attachment":"scroll","background-type":"","background-media":"","overlay-type":"","overlay-color":"","overlay-opacity":"","overlay-gradient":""}},"ast-content-background-meta":{"desktop":{"background-color":"var(--ast-global-color-4)","background-image":"","background-repeat":"repeat","background-position":"center center","background-size":"auto","background-attachment":"scroll","background-type":"","background-media":"","overlay-type":"","overlay-color":"","overlay-opacity":"","overlay-gradient":""},"tablet":{"background-color":"var(--ast-global-color-4)","background-image":"","background-repeat":"repeat","background-position":"center center","background-size":"auto","background-attachment":"scroll","background-type":"","background-media":"","overlay-type":"","overlay-color":"","overlay-opacity":"","overlay-gradient":""},"mobile":{"background-color":"var(--ast-global-color-4)","background-image":"","background-repeat":"repeat","background-position":"center center","background-size":"auto","background-attachment":"scroll","background-type":"","background-media":"","overlay-type":"","overlay-color":"","overlay-opacity":"","overlay-gradient":""}},"footnotes":""},"class_list":["post-8682","page","type-page","status-publish","hentry"],"yoast_head":"<!-- This site is optimized with the Yoast SEO plugin v27.3 - https:\/\/yoast.com\/product\/yoast-seo-wordpress\/ -->\n<title>KLAUZULA INFORMACYJNA - Podkarpacka Okregowa Izba Inzynierow Budownictwa<\/title>\n<meta name=\"description\" content=\"Sprawd\u017a, jak Podkarpacka Okr\u0119gowa Izba In\u017cynier\u00f3w Budownictwa (PDK OIIB) przetwarza i chroni Twoje dane osobowe zgodnie z RODO. Poznaj swoje prawa.\" \/>\n<meta name=\"robots\" content=\"index, follow, max-snippet:-1, max-image-preview:large, max-video-preview:-1\" \/>\n<link rel=\"canonical\" href=\"https:\/\/inzynier.rzeszow.pl\/index.php\/klauzula-informacyjna\/\" \/>\n<meta property=\"og:locale\" content=\"pl_PL\" \/>\n<meta property=\"og:type\" content=\"article\" \/>\n<meta property=\"og:title\" content=\"KLAUZULA INFORMACYJNA - Podkarpacka Okregowa Izba Inzynierow Budownictwa\" \/>\n<meta property=\"og:description\" content=\"Sprawd\u017a, jak Podkarpacka Okr\u0119gowa Izba In\u017cynier\u00f3w Budownictwa (PDK OIIB) przetwarza i chroni Twoje dane osobowe zgodnie z RODO. Poznaj swoje prawa.\" \/>\n<meta property=\"og:url\" content=\"https:\/\/inzynier.rzeszow.pl\/index.php\/klauzula-informacyjna\/\" \/>\n<meta property=\"og:site_name\" content=\"Podkarpacka Okregowa Izba Inzynierow Budownictwa\" \/>\n<meta property=\"article:modified_time\" content=\"2026-04-13T14:00:54+00:00\" \/>\n<meta name=\"twitter:card\" content=\"summary_large_image\" \/>\n<meta name=\"twitter:label1\" content=\"Szacowany czas czytania\" \/>\n\t<meta name=\"twitter:data1\" content=\"4 minuty\" \/>\n<script type=\"application\/ld+json\" class=\"yoast-schema-graph\">{\"@context\":\"https:\\\/\\\/schema.org\",\"@graph\":[{\"@type\":\"WebPage\",\"@id\":\"https:\\\/\\\/inzynier.rzeszow.pl\\\/index.php\\\/klauzula-informacyjna\\\/\",\"url\":\"https:\\\/\\\/inzynier.rzeszow.pl\\\/index.php\\\/klauzula-informacyjna\\\/\",\"name\":\"KLAUZULA INFORMACYJNA - Podkarpacka Okregowa Izba Inzynierow Budownictwa\",\"isPartOf\":{\"@id\":\"https:\\\/\\\/inzynier.rzeszow.pl\\\/#website\"},\"datePublished\":\"2026-04-13T13:59:57+00:00\",\"dateModified\":\"2026-04-13T14:00:54+00:00\",\"description\":\"Sprawd\u017a, jak Podkarpacka Okr\u0119gowa Izba In\u017cynier\u00f3w Budownictwa (PDK OIIB) przetwarza i chroni Twoje dane osobowe zgodnie z RODO. Poznaj swoje prawa.\",\"breadcrumb\":{\"@id\":\"https:\\\/\\\/inzynier.rzeszow.pl\\\/index.php\\\/klauzula-informacyjna\\\/#breadcrumb\"},\"inLanguage\":\"pl-PL\",\"potentialAction\":[{\"@type\":\"ReadAction\",\"target\":[\"https:\\\/\\\/inzynier.rzeszow.pl\\\/index.php\\\/klauzula-informacyjna\\\/\"]}]},{\"@type\":\"BreadcrumbList\",\"@id\":\"https:\\\/\\\/inzynier.rzeszow.pl\\\/index.php\\\/klauzula-informacyjna\\\/#breadcrumb\",\"itemListElement\":[{\"@type\":\"ListItem\",\"position\":1,\"name\":\"Strona g\u0142\u00f3wna\",\"item\":\"https:\\\/\\\/inzynier.rzeszow.pl\\\/\"},{\"@type\":\"ListItem\",\"position\":2,\"name\":\"KLAUZULA INFORMACYJNA\"}]},{\"@type\":\"WebSite\",\"@id\":\"https:\\\/\\\/inzynier.rzeszow.pl\\\/#website\",\"url\":\"https:\\\/\\\/inzynier.rzeszow.pl\\\/\",\"name\":\"Podkarpacka Okregowa Izba Inzynierow Budownictwa\",\"description\":\"\",\"potentialAction\":[{\"@type\":\"SearchAction\",\"target\":{\"@type\":\"EntryPoint\",\"urlTemplate\":\"https:\\\/\\\/inzynier.rzeszow.pl\\\/?s={search_term_string}\"},\"query-input\":{\"@type\":\"PropertyValueSpecification\",\"valueRequired\":true,\"valueName\":\"search_term_string\"}}],\"inLanguage\":\"pl-PL\"}]}<\/script>\n<!-- \/ Yoast SEO plugin. -->","yoast_head_json":{"title":"KLAUZULA INFORMACYJNA - Podkarpacka Okregowa Izba Inzynierow Budownictwa","description":"Sprawd\u017a, jak Podkarpacka Okr\u0119gowa Izba In\u017cynier\u00f3w Budownictwa (PDK OIIB) przetwarza i chroni Twoje dane osobowe zgodnie z RODO. Poznaj swoje prawa.","robots":{"index":"index","follow":"follow","max-snippet":"max-snippet:-1","max-image-preview":"max-image-preview:large","max-video-preview":"max-video-preview:-1"},"canonical":"https:\/\/inzynier.rzeszow.pl\/index.php\/klauzula-informacyjna\/","og_locale":"pl_PL","og_type":"article","og_title":"KLAUZULA INFORMACYJNA - Podkarpacka Okregowa Izba Inzynierow Budownictwa","og_description":"Sprawd\u017a, jak Podkarpacka Okr\u0119gowa Izba In\u017cynier\u00f3w Budownictwa (PDK OIIB) przetwarza i chroni Twoje dane osobowe zgodnie z RODO. Poznaj swoje prawa.","og_url":"https:\/\/inzynier.rzeszow.pl\/index.php\/klauzula-informacyjna\/","og_site_name":"Podkarpacka Okregowa Izba Inzynierow Budownictwa","article_modified_time":"2026-04-13T14:00:54+00:00","twitter_card":"summary_large_image","twitter_misc":{"Szacowany czas czytania":"4 minuty"},"schema":{"@context":"https:\/\/schema.org","@graph":[{"@type":"WebPage","@id":"https:\/\/inzynier.rzeszow.pl\/index.php\/klauzula-informacyjna\/","url":"https:\/\/inzynier.rzeszow.pl\/index.php\/klauzula-informacyjna\/","name":"KLAUZULA INFORMACYJNA - Podkarpacka Okregowa Izba Inzynierow Budownictwa","isPartOf":{"@id":"https:\/\/inzynier.rzeszow.pl\/#website"},"datePublished":"2026-04-13T13:59:57+00:00","dateModified":"2026-04-13T14:00:54+00:00","description":"Sprawd\u017a, jak Podkarpacka Okr\u0119gowa Izba In\u017cynier\u00f3w Budownictwa (PDK OIIB) przetwarza i chroni Twoje dane osobowe zgodnie z RODO. Poznaj swoje prawa.","breadcrumb":{"@id":"https:\/\/inzynier.rzeszow.pl\/index.php\/klauzula-informacyjna\/#breadcrumb"},"inLanguage":"pl-PL","potentialAction":[{"@type":"ReadAction","target":["https:\/\/inzynier.rzeszow.pl\/index.php\/klauzula-informacyjna\/"]}]},{"@type":"BreadcrumbList","@id":"https:\/\/inzynier.rzeszow.pl\/index.php\/klauzula-informacyjna\/#breadcrumb","itemListElement":[{"@type":"ListItem","position":1,"name":"Strona g\u0142\u00f3wna","item":"https:\/\/inzynier.rzeszow.pl\/"},{"@type":"ListItem","position":2,"name":"KLAUZULA INFORMACYJNA"}]},{"@type":"WebSite","@id":"https:\/\/inzynier.rzeszow.pl\/#website","url":"https:\/\/inzynier.rzeszow.pl\/","name":"Podkarpacka Okregowa Izba Inzynierow Budownictwa","description":"","potentialAction":[{"@type":"SearchAction","target":{"@type":"EntryPoint","urlTemplate":"https:\/\/inzynier.rzeszow.pl\/?s={search_term_string}"},"query-input":{"@type":"PropertyValueSpecification","valueRequired":true,"valueName":"search_term_string"}}],"inLanguage":"pl-PL"}]}},"rttpg_featured_image_url":null,"rttpg_author":{"display_name":"admin","author_link":"https:\/\/inzynier.rzeszow.pl\/index.php\/author\/kwojcik\/"},"rttpg_comment":0,"rttpg_category":null,"rttpg_excerpt":"Zgodnie z art. 13 ust. 1 i ust. 2 og\u00f3lnego rozporz\u0105dzenia o ochronie danych osobowych z dnia 27 kwietnia 2016 [&hellip;]","_links":{"self":[{"href":"https:\/\/inzynier.rzeszow.pl\/index.php\/wp-json\/wp\/v2\/pages\/8682","targetHints":{"allow":["GET"]}}],"collection":[{"href":"https:\/\/inzynier.rzeszow.pl\/index.php\/wp-json\/wp\/v2\/pages"}],"about":[{"href":"https:\/\/inzynier.rzeszow.pl\/index.php\/wp-json\/wp\/v2\/types\/page"}],"author":[{"embeddable":true,"href":"https:\/\/inzynier.rzeszow.pl\/index.php\/wp-json\/wp\/v2\/users\/1"}],"replies":[{"embeddable":true,"href":"https:\/\/inzynier.rzeszow.pl\/index.php\/wp-json\/wp\/v2\/comments?post=8682"}],"version-history":[{"count":4,"href":"https:\/\/inzynier.rzeszow.pl\/index.php\/wp-json\/wp\/v2\/pages\/8682\/revisions"}],"predecessor-version":[{"id":8686,"href":"https:\/\/inzynier.rzeszow.pl\/index.php\/wp-json\/wp\/v2\/pages\/8682\/revisions\/8686"}],"wp:attachment":[{"href":"https:\/\/inzynier.rzeszow.pl\/index.php\/wp-json\/wp\/v2\/media?parent=8682"}],"curies":[{"name":"wp","href":"https:\/\/api.w.org\/{rel}","templated":true}]}}